e 13, what is -8c08 - 63?
-8c6b
In base 12, what is 182 - 89?
b5
In base 7, what is -3211 - 3212?
-6423
In base 6, what is -21 - 1325?
-1350
In base 14, what is -3c + -45c7?
-4625
In base 12, what is -58 - 832?
-88a
In base 2, what is 10011010010 + 10110?
10011101000
In base 8, what is 734 - -4103?
5037
In base 11, what is 21a6 - -863?
2a59
In base 12, what is 179207 + -4?
179203
In base 14, what is 54 + -290?
-23a
In base 10, what is 4220 + 4?
4224
In base 14, what is 543 + 9c?
601
In base 4, what is -302111 - 101313?
-1010030
In base 10, what is 1 + 1507?
1508
In base 9, what is -454 + 6?
-447
In base 14, what is 5 - -1900?
1905
In base 7, what is 3 - 46214?
-46211
In base 8, what is 2 - 223437?
-223435
In base 11, what is -35a40 + 4?
-35a37
In base 16, what is 37027 - 3?
37024
In base 9, what is -6 - -3462?
3455
In base 9, what is -22424 + 11?
-22413
In base 4, what is -10 - 21011100?
-21011110
In base 5, what is 12132 - -23334?
41021
In base 3, what is -2220 - 20110022?
-20120012
In base 3, what is -2021220211 + 2?
-2021220202
In base 2, what is 10 + -1011010011001?
-1011010010111
In base 11, what is -4030949 + 1?
-4030948
In base 6, what is -3432 + 213?
-3215
In base 15, what is 9 + -2d654?
-2d64a
In base 6, what is 2 - -314011?
314013
In base 6, what is -305415 - -2?
-305413
In base 14, what is -36 + 13c4?
138c
In base 4, what is -1332 - 202312?
-210310
In base 14, what is 85b6c - 3?
85b69
In base 6, what is -210 + 2501?
2251
In base 3, what is -1111020 + 10?
-1111010
In base 10, what is -10 + 151133?
151123
In base 13, what is 13c051 - -1?
13c052
In base 7, what is 5035 + -1?
5034
In base 4, what is 1201312 + 23?
1202001
In base 8, what is -720231 - -6?
-720223
In base 6, what is -210553 - -4?
-210545
In base 11, what is -168432 + -2?
-168434
In base 12, what is 4810 - -37?
4847
In base 15, what is -e - 75d08?
-75d17
In base 15, what is 1150 - 2?
114d
In base 6, what is -2 - 251342?
-251344
In base 10, what is 3741 + 395?
4136
In base 13, what is -26 - 5b5?
-60b
In base 14, what is -3b - 60d?
-64a
In base 13, what is 9 + -1887?
-187b
In base 2, what is -111011101001111101111 + -100?
-111011101001111110011
In base 2, what is -101 - -11011000100?
11010111111
In base 10, what is -9913 + -136?
-10049
In base 14, what is 214 - 188?
6a
In base 10, what is -122078 - -3?
-122075
In base 7, what is 5 - 123264?
-123256
In base 10, what is 327 - -3574?
3901
In base 7, what is -11 - -146061?
146050
In base 11, what is -20 + 2a?
a
In base 3, what is 1220111020 - -12?
1220111102
In base 13, what is 22cc + -a2?
222a
In base 13, what is -3c + -3213?
-3252
In base 12, what is -9436 + -23?
-9459
In base 11, what is 0 + 18684?
18684
In base 8, what is 4643 + -665?
3756
In base 9, what is 3372 - -1?
3373
In base 3, what is 1021201012 + -10?
1021201002
In base 12, what is 5 - 686a?
-6865
In base 16, what is 5 + -970f4?
-970ef
In base 8, what is 70437 - -25?
70464
In base 5, what is -12320 + -1444?
-14314
In base 10, what is 3 - -2772?
2775
In base 6, what is 14002435 + -1?
14002434
In base 15, what is 15757 + 3?
1575a
In base 10, what is 4226 - -69?
4295
In base 6, what is 3 + 1314541?
1314544
In base 7, what is -62440 - -1?
-62436
In base 8, what is -6215066 + -2?
-6215070
In base 6, what is 414 - 122?
252
In base 8, what is 23 + -21163?
-21140
In base 4, what is 0 + -10322333?
-10322333
In base 7, what is 4031653 + -1?
4031652
In base 3, what is -10222 + 1102002?
1021010
In base 8, what is 77232 + -3?
77227
In base 6, what is -311223 - 1?
-311224
In base 13, what is -391 - -10?
-381
In base 9, what is -46768 - 3?
-46772
In base 15, what is 625 - 23b?
3d9
In base 3, what is -1100101121 - 1101?
-1100102222
In base 5, what is 20143144 + -102?
20143042
In base 16, what is -4 - -26de8?
26de4
In base 6, what is 203 + 2152?
2355
In base 11, what is 87 + 484?
560
In base 3, what is -2121100 + -11022?
-2202122
In base 12, what is 31218 + -1?
31217
In base 10, what is 10787 + 0?
10787
In base 11, what is 248188 + -1?
248187
In base 13, what is 9 + -9c55?
-9c49
In base 2, what is 100010101101011 - -111?
100010101110010
In base 2, what is -10 - -110010101000100?
110010101000010
In base 10, what is -83616 + 79?
-83537
In base 9, what is 2164 + 42?
2216
In base 12, what is 5 - -25056?
2505b
In base 2, what is -111011101 + 111101100111?
110110001010
In base 12, what is 1 - 1002?
-1001
In base 2, what is 10000011101010111 - 11?
10000011101010100
In base 3, what is -10 + -11122221001?
-11122221011
In base 6, what is -140 + -1245?
-1425
In base 4, what is -21231203 - 2?
-21231211
In base 14, what is -14 + -8bd8?
-8c0c
In base 9, what is -3 - -65184?
65181
In base 4, what is -12 + 13101?
13023
In base 16, what is b - 42c27?
-42c1c
In base 16, what is 1b - -5c58?
5c73
In base 15, what is -2718 - -13?
-2705
In base 16, what is 44e7 + 3?
44ea
In base 6, what is -123350 - 0?
-123350
In base 15, what is 0 + 71870?
71870
In base 12, what is -4 + 127?
123
In base 4, what is 2 + 3002000230?
3002000232
In base 7, what is -400060 - -3?
-400054
In base 3, what is 1021122 + -221?
1020201
In base 6, what is -10 + 10125150?
10125140
In base 16, what is 4 - -4b5b1?
4b5b5
In base 5, what is -1 - -11030140?
11030134
In base 9, what is -13 - -410?
386
In base 5, what is 2302 - 40?
2212
In base 3, what is 11200100 - -1022?
11201122
In base 13, what is -482 + 1?
-481
In base 4, what is -23203302 + -10?
-23203312
In base 5, what is -14032 + 10113?
-3414
In base 15, what is -5 + 41c9?
41c4
In base 16, what is -66561 - -1?
-66560
In base 11, what is 2 - 11349?
-11347
In base 11, what is -1 - -3a0910?
3a090a
In base 9, what is -3654 + 16?
-3637
In base 6, what is -4423143 - -1?
-4423142
In base 12, what is -136 - -1b?
-117
In base 7, what is -224 - 1063?
-1320
In base 11, what is -2792 + -31?
-2813
In base 16, what is 0 + 1354?
1354
In base 6, what is 13550 + -32?
13514
In base 15, what is 16a7 + 455?
1b0c
In base 9, what is -233 + 352?
118
In base 4, what is -1 - 3210313?
-3210320
In base 14, what is -42b + 5?
-426
In base 4, what is -30332100002 + 2?
-30332100000
In base 9, what is 66 + -725?
-648
In base 5, what is 212342 + 1212?
214104
In base 15, what is 1ec3 + -19?
1ea9
In base 13, what is -4 + -64047?
-6404b
In base 6, what is 0 + 110322?
110322
In base 10, what is 3504 - -8?
3512
In base 12, what is -4506 - 3?
-4509
In base 9, what is 1 + 7008?
7010
In base 4, what is -12111333 - 3?
-12112002
In base 11, what is 8013 + -279?
7845
In base 11, what is -29 - 96778?
-967a6
In base 13, what is 2a + 1965?
1992
In base 11, what is -a6802 - -1?
-a6801
In base 9, what is 2 - -1603847?
1603850
In base 9, what is -4667 - 31?
-4708
In base 3, what is 2010100102 + -2?
2010100100
In base 9, what is -36558 + 0?
-36558
In base 3, what is -20011001 + -10?
-20011011
In base 9, what is 5044 - 5?
5038
In base 10, what is -14 + 1407?
1393
In base 12, what is -10b62a - -2?
-10b628
In base 5, what is -104 - 202114?
-202223
In base 12, what is 1057 - -7?
1062
In base 15, what is 0 - ae54?
-ae54
In base 2, what is 100011110 - -10001010?
110101000
In base 8, what is -444 - -67?
-355
In base 3, what is -12 - -121121201?
121121112
In base 12, what is 14585 + 2?
14587
In base 13, what is 96 - c5?
-2c
In base 2, what is -1000000 + -1100101100?
-1101101100
In base 10, what is 466 + 191?
657
In base 9, what is 5 + 1188078?
1188084
In base 6, what is 11 - 334314?
-334303
In base 5, what is -10 + -201144?
-201204
In base 11, what is 6a97 - 282?
6815
In base 13, what is 3 + -5a22?
-5a1c
In base 12, what is -2 + -168555?
-168557
In base 7, what is -312 + 36?
-243
In base 12, what is -61ab69 - -5?
-61ab64
In base 5, what is -10 - 3020134?
-3020144
In base 8, what is -3 - 65725?
-65730
In base 5, what is 240144 - 20?
240124
In base 5, what is -22 - -12010400?
12010323
In base 15, what is 4 - 155d6?
-155d2
In base 14, what is 78051 + -5?
7804a
In base 12, what is 44 + 904?
948
In base 8, what is 151 - -1371?
1542
In base 12, what is 587b44 - -5?
587b49
In base 2, what is 101100 - 11110111001?
-11110001101
In base 9, what is -143 - 70?
-223
In base 5, what is 31102 + 13230?
44332
In base 13, what is 3 - -6ba4?
6ba7
In base 10, what is -51626 + 28?
-51598
In base 5, what is 20 + 32240402?
32240422
In base 7, what is -63152 +